{"id":177,"date":"2025-10-01T09:34:02","date_gmt":"2025-10-01T07:34:02","guid":{"rendered":"https:\/\/le9iemeentracte.com\/index.php\/conditions-generales-utilisation\/"},"modified":"2025-10-15T10:25:29","modified_gmt":"2025-10-15T08:25:29","slug":"conditions-generales-utilisation","status":"publish","type":"page","link":"https:\/\/le9iemeentracte.com\/index.php\/conditions-generales-utilisation\/","title":{"rendered":"Conditions g\u00e9n\u00e9rales de ventes"},"content":{"rendered":"\n<p>Le 9i\u00e8me Entracte est un studio meubl\u00e9 de tourisme ind\u00e9pendant de 23 m\u00b2, situ\u00e9 \u00e0 proximit\u00e9 de la maison des propri\u00e9taires. Ce logement pr\u00e9sente un style contemporain agr\u00e9ment\u00e9 d\u2019\u00e9l\u00e9ments exotiques et vintage, et offre un espace ext\u00e9rieur privatif.<\/p>\n\n\n\n<p>Le studio comprend une pi\u00e8ce principale \u00e9quip\u00e9e d\u2019un coin nuit avec lit double (140&#215;190 cm), un espace repas pour deux personnes, une armoire, un vaisselier et une cuisine ouverte comprenant une plaque induction quatre feux, un combin\u00e9 four\/micro-ondes, un lave-vaisselle et un r\u00e9frig\u00e9rateur cong\u00e9lateur. Un t\u00e9l\u00e9viseur \u00e9cran plat mural ainsi qu\u2019une climatisation r\u00e9versible sont disponibles.<\/p>\n\n\n\n<p>La salle d\u2019eau ferm\u00e9e est dot\u00e9e d\u2019une douche \u00e0 l\u2019italienne (70&#215;100 cm), d\u2019une vasque, de toilettes et d\u2019un porte-serviettes chauffant. L\u2019espace ext\u00e9rieur privatif, de plain-pied et d\u2019environ 15 m\u00b2, dispose d\u2019un salon de jardin avec table ronde et deux chaises.<\/p>\n\n\n\n<p>Le stationnement est gratuit dans les rues avoisinantes et le d\u00e9chargement des bagages peut se faire devant l\u2019h\u00e9bergement. Sont inclus dans la location : draps, linge de toilette, chauffage, climatisation et acc\u00e8s Wi-Fi permanent. Le m\u00e9nage de fin de s\u00e9jour est propos\u00e9 en suppl\u00e9ment. Les animaux de petite taille sont accept\u00e9s avec un suppl\u00e9ment (un animal maximum). L\u2019\u00e9tablissement est non-fumeur, \u00e9quip\u00e9 d\u2019un d\u00e9tecteur de fum\u00e9e et d\u2019une Vmc<\/p>\n\n\n\n<p>L\u2019h\u00e9bergement se situe \u00e0 proximit\u00e9 des H\u00f4pitaux Sud, de l\u2019institut Paoli-Calmettes (\u00e0 120 m\u00e8tres), du m\u00e9tro Dromel (\u00e0 800 m\u00e8tres), du stade V\u00e9lodrome\/Orange et du centre commercial Prado (1 km). Le centre-ville est accessible en moins de 15 minutes par transports en commun.<\/p>\n\n\n\n<p>Un grand commerce et des commerces de proximit\u00e9 sont pr\u00e9sents : boucherie, primeur, boulangerie, sup\u00e9rette, service d\u2019alimentation 24h\/24, ainsi que plusieurs restaurants et animations de quartier.<\/p>\n\n\n\n<p>L\u2019accueil est assur\u00e9 durant les horaires habituels ; une arriv\u00e9e tardive est possible. Le d\u00e9part doit s\u2019effectuer avant 10h00 le jour convenu.<\/p>\n\n\n\n<p>La propri\u00e9t\u00e9 dispose d\u2019un syst\u00e8me de vid\u00e9o-surveillance ext\u00e9rieur. Il est demand\u00e9 aux locataires de compl\u00e9ter, signer et transmettre les Clauses Contractuelles t\u00e9l\u00e9chargeables d\u00e8s leur arriv\u00e9e, accompagn\u00e9es de l\u2019attestation d\u2019assurance vill\u00e9giature et de la caution, conform\u00e9ment aux conditions g\u00e9n\u00e9rales de location.<\/p>\n\n\n\n<p>Les Clauses Contractuelles sont t\u00e9l\u00e9chargeable directement ici : <\/p>\n\n\n\n<div class=\"wp-block-buttons is-layout-flex wp-block-buttons-is-layout-flex\">\n<div class=\"wp-block-button is-style-outline is-style-outline--1\"><a class=\"wp-block-button__link wp-element-button\" href=\"http:\/\/le9iemeentracte.com\/wp-content\/uploads\/2025\/10\/Clauses-contractuelles-lEntracte.pdf\">Clauses Contractuelles<\/a><\/div>\n<\/div>\n\n\n\n<p>Pour toute question compl\u00e9mentaire, des renseignements suppl\u00e9mentaires peuvent \u00eatre fournis, et vous souhaitons d\u00e9j\u00e0 la bienvenue pour votre prochain s\u00e9jour.<\/p>\n\n\n\n<p><\/p>\n","protected":false},"excerpt":{"rendered":"<p>Le 9i\u00e8me Entracte est un studio meubl\u00e9 de tourisme ind\u00e9pendant de 23 m\u00b2, situ\u00e9 \u00e0 proximit\u00e9 de la maison des propri\u00e9taires. Ce logement pr\u00e9sente un style contemporain agr\u00e9ment\u00e9 d\u2019\u00e9l\u00e9ments exotiques et vintage, et offre un espace ext\u00e9rieur privatif. Le studio comprend une pi\u00e8ce principale \u00e9quip\u00e9e d\u2019un coin nuit avec lit double (140&#215;190 cm), un espace [&hellip;]<\/p>\n","protected":false},"author":1,"featured_media":0,"parent":0,"menu_order":9,"comment_status":"closed","ping_status":"closed","template":"","meta":{"footnotes":""},"class_list":["post-177","page","type-page","status-publish","hentry"],"_links":{"self":[{"href":"https:\/\/le9iemeentracte.com\/index.php\/wp-json\/wp\/v2\/pages\/177","targetHints":{"allow":["GET"]}}],"collection":[{"href":"https:\/\/le9iemeentracte.com\/index.php\/wp-json\/wp\/v2\/pages"}],"about":[{"href":"https:\/\/le9iemeentracte.com\/index.php\/wp-json\/wp\/v2\/types\/page"}],"author":[{"embeddable":true,"href":"https:\/\/le9iemeentracte.com\/index.php\/wp-json\/wp\/v2\/users\/1"}],"replies":[{"embeddable":true,"href":"https:\/\/le9iemeentracte.com\/index.php\/wp-json\/wp\/v2\/comments?post=177"}],"version-history":[{"count":4,"href":"https:\/\/le9iemeentracte.com\/index.php\/wp-json\/wp\/v2\/pages\/177\/revisions"}],"predecessor-version":[{"id":265,"href":"https:\/\/le9iemeentracte.com\/index.php\/wp-json\/wp\/v2\/pages\/177\/revisions\/265"}],"wp:attachment":[{"href":"https:\/\/le9iemeentracte.com\/index.php\/wp-json\/wp\/v2\/media?parent=177"}],"curies":[{"name":"wp","href":"https:\/\/api.w.org\/{rel}","templated":true}]}}